er when 45265 is divided by 3194.
549
What is the remainder when 69826 is divided by 116?
110
What is the remainder when 42101 is divided by 33?
26
Calculate the remainder when 319681 is divided by 106552.
25
Calculate the remainder when 3018327 is divided by 239.
235
What is the remainder when 8706 is divided by 85?
36
What is the remainder when 23788 is divided by 7268?
1984
What is the remainder when 97357 is divided by 24337?
9
What is the remainder when 10633 is divided by 26?
25
Calculate the remainder when 4313 is divided by 362.
331
Calculate the remainder when 1191 is divided by 1187.
4
What is the remainder when 23984 is divided by 117?
116
Calculate the remainder when 218115 is divided by 1142.
1135
Calculate the remainder when 28728 is divided by 471.
468
What is the remainder when 12909 is divided by 4297?
18
Calculate the remainder when 3935 is divided by 147.
113
Calculate the remainder when 5898 is divided by 660.
618
Calculate the remainder when 175175 is divided by 1327.
11
What is the remainder when 3578 is divided by 343?
148
Calculate the remainder when 83967 is divided by 509.
491
Calculate the remainder when 8937 is divided by 372.
9
What is the remainder when 49559 is divided by 59?
58
Calculate the remainder when 1943 is divided by 308.
95
Calculate the remainder when 1323 is divided by 660.
3
Calculate the remainder when 97849 is divided by 88.
81
What is the remainder when 4512 is divided by 652?
600
What is the remainder when 1602870 is divided by 1049?
1047
What is the remainder when 10286 is divided by 686?
682
What is the remainder when 268169 is divided by 67040?
9
What is the remainder when 1554 is divided by 556?
442
What is the remainder when 8407 is divided by 8374?
33
What is the remainder when 2866794 is divided by 15?
9
Calculate the remainder when 655 is divided by 128.
15
What is the remainder when 84642 is divided by 171?
168
What is the remainder when 297077 is divided by 28?
25
What is the remainder when 4720 is divided by 2342?
36
Calculate the remainder when 2223940 is divided by 92664.
4
Calculate the remainder when 209 is divided by 4.
1
Calculate the remainder when 26098 is divided by 100.
98
Calculate the remainder when 51464 is divided by 17136.
56
What is the remainder when 737547 is divided by 212?
211
Calculate the remainder when 52734 is divided by 180.
174
What is the remainder when 6086 is divided by 676?
2
Calculate the remainder when 13870 is divided by 331.
299
What is the remainder when 33408 is divided by 129?
126
What is the remainder when 60232 is divided by 20052?
76
What is the remainder when 37260 is divided by 621?
0
Calculate the remainder when 26569 is divided by 258.
253
Calculate the remainder when 1552 is divided by 170.
22
What is the remainder when 28323 is divided by 164?
115
Calculate the remainder when 38764 is divided by 71.
69
What is the remainder when 582472 is divided by 23?
20
Calculate the remainder when 20152 is divided by 192.
184
What is the remainder when 5630 is divided by 2608?
414
Calculate the remainder when 4787 is divided by 682.
13
Calculate the remainder when 548 is divided by 4.
0
Calculate the remainder when 6649 is divided by 1326.
19
Calculate the remainder when 9799 is divided by 11.
9
What is the remainder when 47746 is divided by 2369?
366
What is the remainder when 40097 is divided by 18?
11
Calculate the remainder when 8263 is divided by 7608.
655
What is the remainder when 455837 is divided by 28?
25
Calculate the remainder when 7448 is divided by 454.
184
Calculate the remainder when 631826 is divided by 157951.
22
Calculate the remainder when 31254 is divided by 201.
99
What is the remainder when 12676 is divided by 114?
22
What is the remainder when 2254 is divided by 2201?
53
Calculate the remainder when 24845 is divided by 873.
401
What is the remainder when 373475 is divided by 6552?
11
Calculate the remainder when 30895 is divided by 84.
67
Calculate the remainder when 39479 is divided by 7.
6
What is the remainder when 15008 is divided by 7494?
20
What is the remainder when 7254 is divided by 7227?
27
Calculate the remainder when 14964 is divided by 751.
695
Calculate the remainder when 1058 is divided by 133.
127
Calculate the remainder when 1118 is divided by 160.
158
What is the remainder when 411837 is divided by 6?
3
What is the remainder when 86125 is divided by 43057?
11
Calculate the remainder when 2530 is divided by 530.
410
What is the remainder when 63482 is divided by 128?
122
What is the remainder when 49754 is divided by 701?
684
What is the remainder when 19952 is divided by 355?
72
Calculate the remainder when 2659 is divided by 4.
3
What is the remainder when 4652 is divided by 97?
93
What is the remainder when 2669 is divided by 23?
1
What is the remainder when 63426 is divided by 1023?
0
What is the remainder when 6392 is divided by 2061?
209
What is the remainder when 8642 is divided by 663?
23
What is the remainder when 14834 is divided by 309?
2
What is the remainder when 71532 is divided by 1?
0
Calculate the remainder when 10721 is divided by 218.
39
Calculate the remainder when 64835 is divided by 1441.
1431
What is the remainder when 4455 is divided by 131?
1
What is the remainder when 2076 is divided by 1037?
2
What is the remainder when 17990 is divided by 150?
140
What is the remainder when 104058 is divided by 172?
170
What is the remainder when 49972 is divided by 9976?
92
Calculate the remainder when 9279 is divided by 9266.
13
What is the remainder when 2462 is divided by 45?
32
Calculate the remainder when 8662 is divided by 4107.
448
What is the remainder when 22164 is divided by 3606?
528
Calculate the remainder when 40194 is divided by 5737.
35
Calculate the remainder when 6725 is divided by 667.
55
Calculate the remainder when 64392 is divided by 21394.
210
Calculate the remainder when 25431 is divided by 908.
7
Calculate the remainder when 76173 is divided by 25388.
9
Calculate the remainder when 497217 is divided by 17.
1
Calculate the remainder when 7367300 is divided by 79.
76
Calculate the remainder when 15275 is divided by 1525.
25
Calculate the remainder when 2960 is divided by 141.
140
Calculate the remainder when 2306 is divided by 54.
38
What is the remainder when 1324 is divided by 80?
44
What is the remainder when 17594 is divided by 1349?
57
What is the remainder when 34974 is divided by 11?
5
Calculate the remainder when 23287 is divided by 143.
121
What is the remainder when 76086 is divided by 146?
20
Calculate the remainder when 21020 is divided by 93.
2
What is the remainder when 39932 is divided by 17?
16
What is the remainder when 105776 is divided by 123?
119
What is the remainder when 9993 is divided by 272?
201
What is the remainder when 898 is divided by 682?
216
What is the remainder when 59817 is divided by 43?
4
Calculate the remainder when 943 is divided by 28.
19
What is the remainder when 2744 is divided by 115?
99
What is the remainder when 40342 is divided by 44?
38
What is the remainder when 10744 is divided by 66?
52
What is the remainder when 941 is divided by 874?
67
What is the remainder when 30412 is divided by 15183?
46
Calculate the remainder when 792 is divided by 27.
9
What is the remainder when 5043 is divided by 203?
171
What is the remainder when 15976 is divided by 24?
16
Calculate the remainder when 195623 is divided by 456.
455
What is the remainder when 172998 is divided by 125?
123
What is the remainder when 137297 is divided by 137273?
24
Calculate the remainder when 5128 is divided by 4410.
718
Calculate the remainder when 6742 is divided by 2098.
448
Calculate the remainder when 3339 is divided by 141.
96
Calculate the remainder when 1597 is divided by 5.
2
Calculate the remainder when 459 is divided by 196.
67
What is the remainder when 115066 is divided by 59?
16
Calculate the remainder when 89502 is divided by 22364.
46
Calculate the remainder when 237697 is divided by 1116.
1105
What is the remainder when 86772 is divided by 39?
36
Calculate the remainder when 10908 is divided by 983.
95
Calculate the remainder when 139 is divided by 41.
16
Calculate the remainder when 5297 is divided by 408.
401
Calculate the remainder when 36228 i